est common factor of 214 and 5671.
107
Calculate the highest common factor of 876 and 732.
12
Calculate the greatest common divisor of 24998 and 58.
58
Calculate the highest common factor of 68 and 2057.
17
What is the highest common factor of 902 and 164?
82
What is the highest common factor of 35 and 287?
7
Calculate the highest common divisor of 70 and 469.
7
What is the greatest common divisor of 55 and 2915?
55
What is the greatest common divisor of 99 and 9?
9
Calculate the greatest common factor of 152 and 8.
8
Calculate the highest common divisor of 10 and 4360.
10
What is the highest common divisor of 978 and 6?
6
Calculate the highest common factor of 24 and 2382.
6
Calculate the greatest common divisor of 477 and 3.
3
Calculate the greatest common factor of 170 and 32810.
170
What is the greatest common factor of 9 and 6?
3
Calculate the greatest common factor of 294 and 252.
42
What is the greatest common divisor of 128 and 8?
8
Calculate the greatest common factor of 539 and 11.
11
Calculate the greatest common divisor of 8 and 1000.
8
Calculate the greatest common divisor of 264 and 456.
24
Calculate the highest common divisor of 86 and 2.
2
What is the highest common factor of 208 and 80?
16
What is the greatest common divisor of 321 and 428?
107
What is the greatest common divisor of 671 and 22?
11
What is the highest common factor of 280 and 1330?
70
Calculate the greatest common divisor of 480 and 30.
30
What is the highest common factor of 9 and 441?
9
What is the greatest common divisor of 59 and 2183?
59
Calculate the greatest common factor of 35 and 1.
1
What is the greatest common factor of 63 and 54?
9
Calculate the greatest common divisor of 32968 and 104.
104
What is the greatest common divisor of 132 and 96?
12
What is the greatest common factor of 81 and 351?
27
What is the greatest common factor of 51 and 1717?
17
What is the highest common divisor of 825 and 75?
75
Calculate the greatest common divisor of 38 and 133.
19
What is the greatest common divisor of 165 and 4560?
15
What is the greatest common factor of 5760 and 3240?
360
Calculate the greatest common divisor of 8 and 1576.
8
What is the highest common divisor of 230 and 46?
46
What is the greatest common factor of 36 and 56?
4
What is the highest common divisor of 24 and 75732?
12
What is the highest common factor of 16 and 46?
2
What is the highest common divisor of 63 and 99?
9
Calculate the greatest common divisor of 187 and 22.
11
Calculate the highest common factor of 140 and 15260.
140
What is the highest common factor of 99 and 891?
99
Calculate the highest common factor of 64 and 432.
16
Calculate the highest common divisor of 1 and 71.
1
Calculate the greatest common divisor of 148 and 259.
37
Calculate the greatest common factor of 9 and 14805.
9
What is the highest common factor of 5 and 4915?
5
Calculate the greatest common divisor of 19 and 247.
19
What is the highest common divisor of 56 and 700?
28
What is the highest common factor of 104 and 78?
26
Calculate the highest common divisor of 678 and 1130.
226
What is the highest common factor of 518 and 5809?
37
Calculate the greatest common factor of 12 and 516.
12
Calculate the highest common factor of 212 and 4.
4
Calculate the greatest common factor of 711 and 2923.
79
Calculate the highest common divisor of 51 and 357.
51
Calculate the greatest common divisor of 228 and 15789.
57
Calculate the highest common factor of 332 and 44.
4
What is the greatest common factor of 10 and 74?
2
What is the highest common factor of 1153 and 1?
1
What is the highest common factor of 16 and 68?
4
What is the greatest common factor of 118 and 6136?
118
What is the greatest common factor of 27 and 36?
9
Calculate the greatest common factor of 39 and 429.
39
Calculate the greatest common divisor of 176 and 11.
11
Calculate the highest common factor of 84 and 252.
84
Calculate the greatest common divisor of 54 and 69.
3
Calculate the greatest common divisor of 336 and 196.
28
Calculate the greatest common divisor of 5 and 4.
1
Calculate the greatest common divisor of 255 and 153.
51
Calculate the highest common divisor of 265 and 5.
5
Calculate the highest common factor of 375 and 21.
3
Calculate the highest common divisor of 425 and 374.
17
Calculate the greatest common divisor of 66 and 4862.
22
Calculate the highest common factor of 88 and 198.
22
Calculate the greatest common divisor of 136 and 40.
8
Calculate the greatest common factor of 377 and 725.
29
Calculate the greatest common factor of 188 and 38.
2
Calculate the highest common factor of 17 and 68.
17
Calculate the greatest common factor of 5457 and 102.
51
Calculate the greatest common divisor of 9 and 279.
9
What is the greatest common factor of 418 and 55?
11
What is the greatest common factor of 940 and 40?
20
What is the highest common factor of 17 and 697?
17
What is the highest common divisor of 112 and 16?
16
Calculate the highest common factor of 51 and 1139.
17
Calculate the highest common factor of 2025 and 1125.
225
What is the greatest common factor of 96 and 11008?
32
What is the greatest common divisor of 16 and 368?
16
Calculate the greatest common divisor of 180 and 1710.
90
What is the highest common factor of 1617 and 7?
7
Calculate the highest common divisor of 24 and 8412.
12
Calculate the greatest common factor of 13 and 13.
13
Calculate the greatest common divisor of 297 and 1353.
33
Calculate the highest common divisor of 51 and 1088.
17
Calculate the greatest common factor of 9 and 47.
1
Calculate the highest common factor of 377 and 117.
13
Calculate the greatest common divisor of 259 and 14.
7
What is the highest common divisor of 1392 and 96?
48
Calculate the greatest common divisor of 1024 and 64.
64
Calculate the highest common divisor of 297 and 675.
27
What is the greatest common divisor of 165 and 135?
15
Calculate the highest common factor of 39 and 1456.
13
What is the greatest common factor of 10 and 35?
5
What is the highest common divisor of 294 and 504?
42
What is the highest common factor of 529 and 736?
23
Calculate the highest common divisor of 3 and 39.
3
Calculate the greatest common divisor of 3650 and 1606.
146
Calculate the greatest common divisor of 185 and 8954.
37
What is the greatest common factor of 2006 and 187?
17
Calculate the highest common divisor of 57 and 513.
57
Calculate the greatest common divisor of 688 and 43.
43
Calculate the highest common divisor of 246 and 2202.
6
What is the greatest common divisor of 33 and 2948?
11
Calculate the greatest common divisor of 672 and 42000.
336
Calculate the highest common divisor of 6 and 54.
6
Calculate the highest common factor of 24 and 3.
3
Calculate the greatest common divisor of 17 and 1513.
17
Calculate the highest common divisor of 4 and 8.
4
Calculate the highest common divisor of 117 and 3159.
117
Calculate the highest common divisor of 94 and 4.
2
Calculate the greatest common divisor of 93 and 1581.
93
Calculate the greatest common factor of 44 and 550.
22
What is the highest common factor of 68 and 17306?
34
Calculate the highest common divisor of 8248 and 8.
8
Calculate the highest common factor of 1452 and 660.
132
What is the highest common divisor of 2178 and 126?
18
Calculate the highest common divisor of 22 and 418.
22
Calculate the greatest common divisor of 104 and 78.
26
Calculate the greatest common factor of 630 and 14.
14
Calculate the highest common divisor of 33 and 2343.
33
Calculate the greatest common factor of 264 and 88.
88
Calculate the highest common factor of 588 and 24.
12
What is the greatest common divisor of 2 and 5366?
2
Calculate the greatest common divisor of 428 and 321.
107
Calculate the greatest common divisor of 35 and 7.
7
What is the greatest common divisor of 92 and 1012?
92
Calculate the highest common factor of 180 and 2610.
90
Calculate the highest common divisor of 46 and 49703.
23
Calculate the highest common factor of 531 and 1829.
59
What is the highest common divisor of 14568 and 24?
24
Calculate the greatest common divisor of 34944 and 273.
273
What is the greatest common divisor of 568 and 355?
71
What is the highest common divisor of 6204 and 22?
22
Calculate the greatest common d